.
28
Let f(j) = -2*j**3 + 191*j**2 - 928*j + 113. Give f(5).
-2
Let y(u) = -9278*u - 74201. Determine y(-8).
23
Let f(k) = 333503*k - 6336553. Give f(19).
4
Let l(g) = -154*g**3 + g**2 + 745*g + 1. What is l(0)?
1
Let x(q) = -5*q**3 - 59*q**2 - 822*q - 10218. What is x(-12)?
-210
Let b(g) = 2*g**2 - 2505*g + 12467. Calculate b(5).
-8
Let r(x) = -3*x**3 - 148*x**2 - 52*x - 153. Give r(-49).
-6
Let z(o) = 2623*o - 34672. Give z(12).
-3196
Let h(v) = -2*v**2 - 438*v + 15397. Determine h(31).
-103
Let b(z) = -102244*z + 204374. Determine b(2).
-114
Let o(j) = -j**2 - 370*j + 4534. Determine o(13).
-445
Let d(s) = 8*s**2 + 1865*s + 801. Calculate d(0).
801
Let q(h) = -66993*h - 201020. Calculate q(-3).
-41
Let x(l) = 400*l + 13485. Calculate x(-39).
-2115
Let c(g) = 1346*g - 2751. Determine c(2).
-59
Let j(g) = 1612*g**3 + 8062*g**2 + 150*g + 699. What is j(-5)?
-1
Let b(z) = z**3 + 360*z**2 + 32398*z + 357. Determine b(-178).
1
Let t(s) = s**3 + 7*s**2 - 251*s - 2661. Calculate t(17).
8
Let j(c) = -75*c + 4679. Determine j(12).
3779
Let m(o) = 44*o**2 + 4*o + 70. Give m(5).
1190
Let l(t) = 3*t**3 + 40*t**2 - 290*t - 5. Calculate l(-18).
679
Let q(b) = b**3 + 171*b**2 - 686*b - 58750. What is q(-173)?
70
Let c(q) = 44*q**2 + 597*q - 5127. Give c(8).
2465
Let g(q) = 3594*q + 17952. Give g(-5).
-18
Let l(p) = 64328*p + 3988339. What is l(-62)?
3
Let d(q) = -10744*q + 21499. Give d(2).
11
Let f(v) = -2*v**3 + 1182*v**2 + 47805*v - 602. What is f(629)?
27
Let u(n) = n**3 - 113*n**2 - 1490*n - 1300. What is u(125)?
-50
Let j(y) = y**3 + 66*y**2 + 669*y + 29. Calculate j(-12).
-223
Let k(n) = -3*n + 199. What is k(-23)?
268
Let z(f) = 2*f**3 - 1827*f**2 + 17259*f - 75026. Give z(904).
6
Let s(v) = 131*v**2 + 83584*v + 3769. Give s(-638).
-59
Let s(b) = b**3 + 75*b**2 + 438*b + 10990. What is s(-71)?
56
Let y(v) = 374*v - 60190. Determine y(161).
24
Let a(b) = 6975*b - 453379. What is a(65)?
-4
Let f(u) = 76*u + 45199. What is f(-595)?
-21
Let y(f) = -2*f**3 + 38*f**2 + 1191*f + 44. Determine y(-19).
4851
Let n(m) = 1338*m - 8029. What is n(6)?
-1
Let o(w) = -4*w**2 + 1721*w - 23761. Give o(416).
-49
Let k(u) = 15*u**3 + 235*u**2 - 90*u + 68. Give k(-16).
228
Let m(z) = -z**2 - 361*z - 10849. What is m(-33)?
-25
Let b(h) = -47012*h + 3996004. Calculate b(85).
-16
Let o(r) = -6*r**3 + 24*r**2 - 40*r - 11. Give o(2).
-43
Let r(y) = 3127*y - 819. What is r(1)?
2308
Let k(a) = a**2 + 2916*a + 112237. What is k(-39)?
34
Let v(p) = -925*p - 8199. Determine v(-9).
126
Let y(m) = -m**3 - 110*m**2 - 113*m - 594. Give y(-109).
-158
Let v(q) = -548*q + 2300. Calculate v(7).
-1536
Let a(o) = -o**3 - 127*o**2 + 387*o - 413. Determine a(-130).
-23
Let l(p) = -7*p**2 - 108*p + 326. Give l(3).
-61
Let g(k) = -6*k**3 - 32*k**2 + 115*k + 7. Calculate g(3).
-98
Let k(b) = b**2 + 124*b + 694. Determine k(-6).
-14
Let s(m) = -171*m - 2677. Calculate s(-35).
3308
Let s(j) = j**2 - 3366*j + 2111780. What is s(834)?
92
Let j(b) = 5402*b - 21490. What is j(4)?
118
Let t(u) = -u**2 + 44*u - 237. Give t(8).
51
Let l(y) = 60183*y + 119794. Determine l(-2).
-572
Let i(y) = 2223*y**2 + 2170*y - 50. Determine i(-1).
3
Let w(l) = -130*l**2 - 1246*l - 134. Give w(-9).
550
Let s(c) = -1361*c + 1377. What is s(1)?
16
Let l(a) = 518*a + 19056. Give l(-38).
-628
Let c(g) = 4*g**2 - 299*g - 1014. Calculate c(80).
666
Let o(m) = -m**3 + 355*m**2 - 7024*m + 206. What is o(21)?
-4
Let x(a) = -323*a + 8261. Give x(25).
186
Let t(r) = 2*r**3 - 238*r**2 - 484*r + 45. What is t(121)?
45
Let k(d) = d**3 - 15*d**2 - 906*d + 9559. Calculate k(10).
-1
Let d(s) = -15134*s + 166491. Give d(11).
17
Let b(q) = -9218756*q. What is b(0)?
0
Let l(c) = -6*c**2 - 644*c - 8945. Give l(-91).
-27
Let t(g) = g**3 - 28*g**2 - 24*g - 598. What is t(30)?
482
Let p(f) = 481*f + 4353. Determine p(-9).
24
Let h(f) = 8*f**2 + 583*f + 2769. Calculate h(-5).
54
Let r(t) = -6389*t + 44715. Calculate r(7).
-8
Let s(c) = c**3 - 87*c**2 + 348*c - 421. What is s(83)?
907
Let x(k) = 36*k**2 - 9214*k - 523. Determine x(256).
-11
Let r(t) = -82*t**3 + t**2 + 11*t + 2154. Calculate r(0).
2154
Let u(d) = -3*d**2 + 261*d + 24729. What is u(-57)?
105
Let s(y) = -981*y + 102726. Give s(103).
1683
Let z(i) = 15*i**2 - 474*i - 225. What is z(26)?
-2409
Let s(f) = 159*f**3 + 19*f**2 - 17*f. What is s(1)?
161
Let p(t) = 225837*t + 70. Give p(0).
70
Let z(y) = 18*y**3 + 56*y**2 + 20*y - 8. Determine z(-3).
-50
Let n(j) = 6*j**2 + 764*j - 259955. Give n(154).
-3
Let j(a) = a**2 - 25934*a - 467131. Determine j(-18).
5
Let r(d) = -3*d**2 + 44*d + 535. Determine r(26).
-349
Let l(j) = 1178*j**2 + 4663*j - 68. Determine l(-4).
128
Let b(c) = 208*c**2 + 2281*c - 2. Calculate b(-11).
75
Let r(b) = 1912*b**2 + 2160*b + 2160. What is r(-1)?
1912
Let z(l) = -37513*l + 750261. Calculate z(20).
1
Let c(a) = 164821*a + 1648079. Determine c(-10).
-131
Let i(l) = 18*l - 3134. What is i(148)?
-470
Let w(p) = p**3 - 116*p**2 + 32*p - 3567. Give w(116).
145
Let d(j) = 1167*j - 4006. Determine d(4).
662
Let d(a) = 53921*a + 431358. Give d(-8).
-10
Let m(h) = -130*h**3 - 31850*h**2 + 8*h + 1964. Determine m(-245).
4
Let c(s) = 14*s**2 - 32*s - 2792. What is c(-13)?
-10
Let d(l) = -24*l**2 + 1492*l + 503. What is d(63)?
-757
Let z(g) = -20033*g + 761341. Calculate z(38).
87
Let m(v) = 1004*v + 8033. Calculate m(-8).
1
Let w(d) = -6*d**2 + 158*d + 1483. Calculate w(-9).
-425
Let g(c) = -490532*c + 1471582. What is g(3)?
-14
Let r(q) = -29*q**3 + 10*q**2 - 141*q + 567. Determine r(4).
-1693
Let z(p) = -4*p**2 + 2722*p + 155492. Calculate z(-53).
-10
Let o(h) = 753*h + 27139. What is o(-36)?
31
Let v(r) = -6496*r + 19536. What is v(3)?
48
Let w(v) = -v**3 - 17*v**2 - 27*v + 467. What is w(-10)?
37
Let l(q) = 11939*q + 83557. Calculate l(-7).
-16
Let i(d) = -5922*d**2 - 41454*d + 19. Give i(-7).
19
Let w(y) = -3*y**3 + 2653*y**2 + 4475*y - 39867. Give w(886).
3
Let v(r) = -197*r**3 + 23*r**2 + 17*r + 28. Determine v(-2).
1662
Let k(z) = -2*z**2 - 539110*z + 2695603. Give k(5).
3
Let p(m) = m**3 + 139*m**2 - 96*m + 68070. What is p(-143)?
2
Let q(j) = -79*j**2 - 310*j + 39. Give q(-5).
-386
Let r(m) = -17*m**2 + 68*m + 1034. What is r(10)?
14
Let y(u) = 45*u**2 + 569*u - 5493. Determine y(10).
4697
Let r(n) = n**3 + 291*n**2 + 9957*n - 20832. Determine r(-251).
1
Let b(m) = -5*m**2 + 161*m + 19. Give b(32).
51
Let i(z) = 3018*z - 12884. What is i(5)?
2206
Let p(w) = w**3 - 200*w**2 - 3910*w - 3031. Give p(218).
21
Let d(z) = z**3 - 61*z**2 + 292*z + 76. Calculate d(55).
-2014
Let w(m) = 901*m + 7520. What is w(-8)?
312
Let w(k) = -150*k - 53601. Determine w(-369).
1749
Let y(t) = -176*t**2 - 468*t - 467. Calculate y(-1).
-175
Let j(m) = m**2 - 240*m + 4840. Give j(218).
44
Let c(d) = 21*d**3 - 82*d**2 + 63*d - 10. What is c(3)?
8
Let y(k) = 4*k**3 + 78*k**2 + 325*k - 499. Give y(-9).
-22
Let c(d) = -d**3 - d**2 + 106*d + 204. Determine c(-2).
-4
Let m(w) = -13*w**2 - 23*w - 944. Calculate m(0).
-944
Let u(s) = -s**3 - 147*s**2 - 327*s - 5355. Calculate u(-145).
10
Let f(r) = -6651*r - 864681. Calculate f(-130).
-51
Let h(q) = -q**2 + 49*q + 141. Give h(-12).
-591
Let r(t) = 3*t**3 + 162*t**2 + 1076*t - 47. Determine r(-7).
-670
Let m(h) = -h**2 - 9693*h - 376505. Determine m(-39).
1
Let f(z) = -138*z**2 + 443*z + 1065. Determine f(5).
-170
Let g(u) = -2*u**3 + 200*u**2 + 1958*u - 31. Determine g(-9).
5
Let n(f) = -f**3 + 28*f**2 - 1317*f + 35311. What is n(27)?
481
Let b(n) = 932*n - 199506. Determine b(214).
-58
Let a(l) = 94*l**3 + 745*l**2 - 5*l + 26. Calculate a(-8).
-382
Let o(m) = -2862*m - 231959. What is o(-81)?
-137
Let t(a) = 19*a**2 + 18*a - 1188. Give t(-8).
-116
Let p(q) = q**2 - 1541*q + 39178. Give p(27).
-1700
Let d(h) = -3117*h - 748071. What is d(-240)?
9
Let z(p) = 3*p**3 - 26*p**2 + 64*p - 121. What is z(6)?
-25
Let z(b) = 4*b**2 - 900*b + 22754. Calculate z(29).
18
Let m(r) = -4*r**3 + 96*r**2 - 22*r + 475. Calculate m(24).
-53
Let r(v) = -v**3 + 23*v**2 + 1321*v - 29555. What is r(22)?
-9
Let d(s) = -142385*s + 1281434. Determine d(9).
-31
Let c(n) = 2007*n - 319142. Give c(159).
-29
Let f(t) = -t**2 - 66*t + 167030. What is f(377)?
19
Let s(a) = -69563*a - 278274. Determine s(-4).
-22
Let r(d) = 3*d**2 - 8317*d + 5764008. Give r(1375).
8
Le